{"id":421,"date":"2018-06-16T00:52:14","date_gmt":"2018-06-15T22:52:14","guid":{"rendered":"http:\/\/gabinetpaja.pl\/?page_id=421"},"modified":"2024-12-20T16:22:34","modified_gmt":"2024-12-20T15:22:34","slug":"cennik","status":"publish","type":"page","link":"https:\/\/gabinetpaja.pl\/?page_id=421","title":{"rendered":"Cennik"},"content":{"rendered":"<p>[vc_row][vc_column][vc_tta_tabs style=&#8221;modern&#8221; shape=&#8221;square&#8221; color=&#8221;sky&#8221; spacing=&#8221;2&#8243; alignment=&#8221;center&#8221; autoplay=&#8221;5&#8243; active_section=&#8221;1&#8243; css_animation=&#8221;slideInUp&#8221;][vc_tta_section title=&#8221;DIAGNOZY&#8221; tab_id=&#8221;1529104374459-7c3e9f69-dc66&#8243;][vc_column_text]<\/p>\n<p style=\"text-align: center;\"><strong>UWAGA ZMIANA CENNIKA OD 1.01.2025 r.<\/strong><\/p>\n<p style=\"text-align: center;\">W zwi\u0105zku z galopuj\u0105c\u0105 inflacj\u0105 oraz ogromnymi podwy\u017ckami jeste\u015bmy zmuszeni podnie\u015b\u0107<br \/>\nceny za zaj\u0119cia i diagnozy. Nadal robimy wszystko i dbamy o nasz rozw\u00f3j, aby sprosta\u0107<br \/>\npotrzebom dzieci i rodzin.<\/p>\n<p style=\"text-align: center;\"><strong>Diagnoza Integracji Sensorycznej (SI)<\/strong><br \/>\nCzas: 3 x 50 minut + opis<br \/>\nCena: 450 PLN<\/p>\n<p style=\"text-align: center;\"><strong>Rediagnoza Integracji Sensorycznej<\/strong><br \/>\nCzas: 2 x 50 minut + opis<br \/>\nCena: 350 PLN<\/p>\n<p>&nbsp;<\/p>\n<p style=\"text-align: center;\">Wydanie za\u015bwiadczenia 50 PLN<\/p>\n<p>[\/vc_column_text][\/vc_tta_section][vc_tta_section title=&#8221;WIZYTY KONSULTACYJNE&#8221; tab_id=&#8221;1529104374459-08d01f8c-f00b&#8221;][vc_column_text]<\/p>\n<p style=\"text-align: center;\"><strong>UWAGA ZMIANA CENNIKA OD 1.01.2025 r.<br \/>\n<\/strong><\/p>\n<p style=\"text-align: center;\"><strong><br \/>\nKonsultacja Biofeedback<\/strong><br \/>\nwywiad + spotkanie 50 min.<br \/>\nCena: 350 PLN<\/p>\n<p style=\"text-align: center;\"><strong>Konsultacja przetwarzania s\u0142uchowego Warnke<\/strong><br \/>\n50 min. + om\u00f3wienie<br \/>\nCena: 350 PLN<\/p>\n<p style=\"text-align: center;\"><strong>Konsultacja holistyczna<\/strong><br \/>\nMarta Wacko<br \/>\nCena: 500 PLN<\/p>\n<p>[\/vc_column_text][\/vc_tta_section][vc_tta_section title=&#8221;ZAJ\u0118CIA INDYWIDUALNE&#8221; tab_id=&#8221;1529104566321-9d7548e1-1cb7&#8243;][vc_column_text]<\/p>\n<p style=\"text-align: center;\"><strong>UWAGA ZMIANA CENNIKA OD 1.01.2025 r.<br \/>\n<\/strong><\/p>\n<p style=\"text-align: center;\"><strong><br \/>\nTerapia integracji sensorycznej<\/strong><br \/>\n50 minut \u2013 130 PLN (p\u0142atne z g\u00f3ry za 1 miesi\u0105c)<\/p>\n<p style=\"text-align: center;\"><strong>Terapia pedagogiczna<\/strong><br \/>\n50 minut \u2013 130 PLN (p\u0142atne z g\u00f3ry za 1 miesi\u0105c)<\/p>\n<p style=\"text-align: center;\"><strong>Terapia psychologiczna<\/strong><br \/>\n60 min. \u2013 130 PLN (p\u0142atne z g\u00f3ry za 1 miesi\u0105c)<\/p>\n<p style=\"text-align: center;\"><strong>Stymulacja taktylna<\/strong><br \/>\n40 minut = 120 PLN (p\u0142atne z g\u00f3ry za 1 miesi\u0105c)<\/p>\n<p style=\"text-align: center;\"><strong>Terapia r\u0119ki<\/strong><br \/>\n50 minut \u2013 130 PLN<\/p>\n<p style=\"text-align: center;\"><strong>Terapia Integracji Odruch\u00f3w Niemowl\u0119cych<\/strong><br \/>\n40 minut \u2013 130 PLN (p\u0142atne z g\u00f3ry za 1 miesi\u0105c)<\/p>\n<p style=\"text-align: center;\"><strong>Terapia Biofeedback<\/strong><br \/>\n50 minut \u2013 130 PLN (p\u0142atne z g\u00f3ry za 1 miesi\u0105c)<\/p>\n<p style=\"text-align: center;\"><strong>Terapia Warnke<\/strong><br \/>\n50 minut \u2013 130 PLN (p\u0142atne z g\u00f3ry za 1 miesi\u0105c)<\/p>\n<p style=\"text-align: center;\"><strong>Terapia Integracji Sensorycznej &#8211; Biofeedback (\u0142\u0105czona)<\/strong><br \/>\n50 minut \u2013 150 PLN (p\u0142atne z g\u00f3ry za 1 miesi\u0105c)<\/p>\n<p style=\"text-align: center;\"><strong>Terapia Integracji Sensorycznej &#8211; Warnkego (\u0142\u0105czona)<\/strong><br \/>\n50 minut \u2013 150 PLN (p\u0142atne z g\u00f3ry za 1 miesi\u0105c)<\/p>\n<p style=\"text-align: center;\"><strong>Terapia Biofeedback &#8211; Warnkego (\u0142\u0105czona)<\/strong><br \/>\n50 minut \u2013 150 PLN (p\u0142atne z g\u00f3ry za 1 miesi\u0105c)<\/p>\n<p style=\"text-align: center;\"><strong>Terapia w soboty<\/strong> &#8211; 150 PLN<\/p>\n<p>[\/vc_column_text][\/vc_tta_section][\/vc_tta_tabs][\/vc_column][vc_column][\/vc_column][\/vc_row]<\/p>\n","protected":false},"excerpt":{"rendered":"<p>[vc_row][vc_column][vc_tta_tabs style=&#8221;modern&#8221; shape=&#8221;square&#8221; color=&#8221;sky&#8221; spacing=&#8221;2&#8243; alignment=&#8221;center&#8221; autoplay=&#8221;5&#8243; active_section=&#8221;1&#8243; css_animation=&#8221;slideInUp&#8221;][vc_tta_section title=&#8221;DIAGNOZY&#8221; tab_id=&#8221;1529104374459-7c3e9f69-dc66&#8243;][vc_column_text] UWAGA ZMIANA CENNIKA OD 1.01.2025 r. W zwi\u0105zku z galopuj\u0105c\u0105 inflacj\u0105 oraz ogromnymi podwy\u017ckami jeste\u015bmy zmuszeni podnie\u015b\u0107 ceny za zaj\u0119cia i diagnozy. Nadal robimy wszystko i dbamy o nasz rozw\u00f3j, aby sprosta\u0107 potrzebom dzieci i rodzin. Diagnoza Integracji Sensorycznej (SI) Czas: 3 x 50&hellip; <br \/> <a class=\"button small blue\" href=\"https:\/\/gabinetpaja.pl\/?page_id=421\">Read more<\/a><\/p>\n","protected":false},"author":3,"featured_media":0,"parent":0,"menu_order":0,"comment_status":"closed","ping_status":"closed","template":"","meta":{"footnotes":""},"class_list":["post-421","page","type-page","status-publish","hentry"],"_links":{"self":[{"href":"https:\/\/gabinetpaja.pl\/index.php?rest_route=\/wp\/v2\/pages\/421"}],"collection":[{"href":"https:\/\/gabinetpaja.pl\/index.php?rest_route=\/wp\/v2\/pages"}],"about":[{"href":"https:\/\/gabinetpaja.pl\/index.php?rest_route=\/wp\/v2\/types\/page"}],"author":[{"embeddable":true,"href":"https:\/\/gabinetpaja.pl\/index.php?rest_route=\/wp\/v2\/users\/3"}],"replies":[{"embeddable":true,"href":"https:\/\/gabinetpaja.pl\/index.php?rest_route=%2Fwp%2Fv2%2Fcomments&post=421"}],"version-history":[{"count":22,"href":"https:\/\/gabinetpaja.pl\/index.php?rest_route=\/wp\/v2\/pages\/421\/revisions"}],"predecessor-version":[{"id":664,"href":"https:\/\/gabinetpaja.pl\/index.php?rest_route=\/wp\/v2\/pages\/421\/revisions\/664"}],"wp:attachment":[{"href":"https:\/\/gabinetpaja.pl\/index.php?rest_route=%2Fwp%2Fv2%2Fmedia&parent=421"}],"curies":[{"name":"wp","href":"https:\/\/api.w.org\/{rel}","templated":true}]}}

<p>[vc_row][vc_column][vc_tta_tabs style=&#8221;modern&#8221; shape=&#8221;square&#8221; color=&#8221;sky&#8221; spacing=&#8221;2&#8243; alignment=&#8221;center&#8221; autoplay=&#8221;5&#8243; active_section=&#8221;1&#8243; css_animation=&#8221;slideInUp&#8221;][vc_tta_section title=&#8221;DIAGNOZY&#8221; tab_id=&#8221;1529104374459-7c3e9f69-dc66&#8243;][vc_column_text]</p>
<p style="text-align: center;"><strong>UWAGA ZMIANA CENNIKA OD 1.01.2025 r.</strong></p>
<p style="text-align: center;">W związku z galopującą inflacją oraz ogromnymi podwyżkami jesteśmy zmuszeni podnieść<br />
ceny za zajęcia i diagnozy. Nadal robimy wszystko i dbamy o nasz rozwój, aby sprostać<br />
potrzebom dzieci i rodzin.</p>
<p style="text-align: center;"><strong>Diagnoza Integracji Sensorycznej (SI)</strong><br />
Czas: 3 x 50 minut + opis<br />
Cena: 450 PLN</p>
<p style="text-align: center;"><strong>Rediagnoza Integracji Sensorycznej</strong><br />
Czas: 2 x 50 minut + opis<br />
Cena: 350 PLN</p>
<p>&nbsp;</p>
<p style="text-align: center;">Wydanie zaświadczenia 50 PLN</p>
<p>[/vc_column_text][/vc_tta_section][vc_tta_section title=&#8221;WIZYTY KONSULTACYJNE&#8221; tab_id=&#8221;1529104374459-08d01f8c-f00b&#8221;][vc_column_text]</p>
<p style="text-align: center;"><strong>UWAGA ZMIANA CENNIKA OD 1.01.2025 r.<br />
</strong></p>
<p style="text-align: center;"><strong><br />
Konsultacja Biofeedback</strong><br />
wywiad + spotkanie 50 min.<br />
Cena: 350 PLN</p>
<p style="text-align: center;"><strong>Konsultacja przetwarzania słuchowego Warnke</strong><br />
50 min. + omówienie<br />
Cena: 350 PLN</p>
<p style="text-align: center;"><strong>Konsultacja holistyczna</strong><br />
Marta Wacko<br />
Cena: 500 PLN</p>
<p>[/vc_column_text][/vc_tta_section][vc_tta_section title=&#8221;ZAJĘCIA INDYWIDUALNE&#8221; tab_id=&#8221;1529104566321-9d7548e1-1cb7&#8243;][vc_column_text]</p>
<p style="text-align: center;"><strong>UWAGA ZMIANA CENNIKA OD 1.01.2025 r.<br />
</strong></p>
<p style="text-align: center;"><strong><br />
Terapia integracji sensorycznej</strong><br />
50 minut – 130 PLN (płatne z góry za 1 miesiąc)</p>
<p style="text-align: center;"><strong>Terapia pedagogiczna</strong><br />
50 minut – 130 PLN (płatne z góry za 1 miesiąc)</p>
<p style="text-align: center;"><strong>Terapia psychologiczna</strong><br />
60 min. – 130 PLN (płatne z góry za 1 miesiąc)</p>
<p style="text-align: center;"><strong>Stymulacja taktylna</strong><br />
40 minut = 120 PLN (płatne z góry za 1 miesiąc)</p>
<p style="text-align: center;"><strong>Terapia ręki</strong><br />
50 minut – 130 PLN</p>
<p style="text-align: center;"><strong>Terapia Integracji Odruchów Niemowlęcych</strong><br />
40 minut – 130 PLN (płatne z góry za 1 miesiąc)</p>
<p style="text-align: center;"><strong>Terapia Biofeedback</strong><br />
50 minut – 130 PLN (płatne z góry za 1 miesiąc)</p>
<p style="text-align: center;"><strong>Terapia Warnke</strong><br />
50 minut – 130 PLN (płatne z góry za 1 miesiąc)</p>
<p style="text-align: center;"><strong>Terapia Integracji Sensorycznej &#8211; Biofeedback (łączona)</strong><br />
50 minut – 150 PLN (płatne z góry za 1 miesiąc)</p>
<p style="text-align: center;"><strong>Terapia Integracji Sensorycznej &#8211; Warnkego (łączona)</strong><br />
50 minut – 150 PLN (płatne z góry za 1 miesiąc)</p>
<p style="text-align: center;"><strong>Terapia Biofeedback &#8211; Warnkego (łączona)</strong><br />
50 minut – 150 PLN (płatne z góry za 1 miesiąc)</p>
<p style="text-align: center;"><strong>Terapia w soboty</strong> &#8211; 150 PLN</p>
<p>[/vc_column_text][/vc_tta_section][/vc_tta_tabs][/vc_column][vc_column][/vc_column][/vc_row]</p>

<p>[vc_row][vc_column][vc_tta_tabs style=&#8221;modern&#8221; shape=&#8221;square&#8221; color=&#8221;sky&#8221; spacing=&#8221;2&#8243; alignment=&#8221;center&#8221; autoplay=&#8221;5&#8243; active_section=&#8221;1&#8243; css_animation=&#8221;slideInUp&#8221;][vc_tta_section title=&#8221;DIAGNOZY&#8221; tab_id=&#8221;1529104374459-7c3e9f69-dc66&#8243;][vc_column_text] UWAGA ZMIANA CENNIKA OD 1.01.2025 r. W związku z galopującą inflacją oraz ogromnymi podwyżkami jesteśmy zmuszeni podnieść ceny za zajęcia i diagnozy. Nadal robimy wszystko i dbamy o nasz rozwój, aby sprostać potrzebom dzieci i rodzin. Diagnoza Integracji Sensorycznej (SI) Czas: 3 x 50&hellip; <br /> <a class="button small blue" href="https://gabinetpaja.pl/?page_id=421">Read more</a></p>
