{"id":171,"date":"2018-04-04T22:17:57","date_gmt":"2018-04-04T20:17:57","guid":{"rendered":"http:\/\/gabinetpaja.pl\/?page_id=171"},"modified":"2018-09-03T21:37:03","modified_gmt":"2018-09-03T19:37:03","slug":"zespol","status":"publish","type":"page","link":"https:\/\/gabinetpaja.pl\/?page_id=171","title":{"rendered":"Zesp\u00f3\u0142"},"content":{"rendered":"<p>[vc_row][vc_column width=&#8221;2\/3&#8243;][vc_column_text]<\/p>\n<h6 style=\"text-align: left;\"><strong>Witaj w naszym gabinecie!<\/strong><\/h6>\n<p style=\"text-align: left;\">Nazywam si\u0119 Marta Wacko i od 2009 r. prowadz\u0119 Gabinet Terapii Dzieci\u0119cej PAJA. <span style=\"display: inline !important; float: none; background-color: transparent; color: #666666; cursor: text; font-family: 'Source Sans Pro',sans-serif; font-size: 18px; font-style: normal; font-variant: normal; font-weight: 300; letter-spacing: normal; orphans: 2; text-align: center; text-decoration: none; text-indent: 0px; text-transform: none; -webkit-text-stroke-width: 0px; white-space: normal; word-spacing: 0px; zoom: 1;\">W swojej pracy u\u017cywam r\u00f3\u017cnych metod terapeutycznych, zwi\u0105zanych z moim do\u015bwiadczeniem i specjalizacj\u0105 jako:<\/span><\/p>\n<ul>\n<li style=\"text-align: left;\">pedagog specjalny<\/li>\n<li style=\"text-align: left;\">terapeuta pedagogiczny<\/li>\n<li style=\"text-align: left;\"><span style=\"display: inline !important; float: none; background-color: transparent; color: #666666; cursor: text; font-family: 'Source Sans Pro',sans-serif; font-size: 18px; font-style: normal; font-variant: normal; font-weight: 300; letter-spacing: normal; orphans: 2; text-align: center; text-decoration: none; text-indent: 0px; text-transform: none; -webkit-text-stroke-width: 0px; white-space: normal; word-spacing: 0px; zoom: 1;\">terapeuta<\/span> resocjalizacyjny<\/li>\n<li style=\"text-align: left;\">terapeuta Integracji Sensorycznej (SI)<\/li>\n<li style=\"text-align: left;\">trener i terapeuta EEG Biofeedback<\/li>\n<li style=\"text-align: left;\">terapeuta metod\u0105 Warnkego<\/li>\n<li style=\"text-align: left;\">terapeuta integracji odruch\u00f3w \/wg dr S. Masgutowej<\/li>\n<li style=\"text-align: left;\">specjalista wczesnej interwencji i stymulacji rozwoju dziecka<\/li>\n<\/ul>\n<p>&nbsp;<\/p>\n<p style=\"text-align: left;\">Moje do\u015bwiadczenie:<\/p>\n<ul>\n<li style=\"text-align: left;\">od 2018 r. wsp\u00f3\u0142pracuj\u0119 z Integracyjnym\u00a0 Przedszkolem i Szko\u0142\u0105 Montessori Tumirai<\/li>\n<li style=\"text-align: left;\">od 2017 r. wsp\u00f3\u0142pracuj\u0119 z Przedszkolem Terapeutycznym \u201eM\u00f3j \u015awiat\u201d oraz z Punktem Przedszkolnym \u201eKlub Radosnego Przedszkolaka\u201d<\/li>\n<li style=\"text-align: left;\">od 2003 r. pracuj\u0119 z dzie\u0107mi z zaburzeniami i trudno\u015bciami w rozwoju (O\u015brodek Wczesnej Interwencji, Poradnia Psychologiczno &#8211; Pedagogiczna).<\/li>\n<li style=\"text-align: left;\">od 2008 r. prowadz\u0119 diagnoz\u0119 i terapi\u0119 SI (integracji sensorycznej).<\/li>\n<li style=\"text-align: left;\">od 2013 r. prowadz\u0119 terapi\u0119 EEG Biofeedback<\/li>\n<li style=\"text-align: left;\">od 2016 r. prowadz\u0119 terapi\u0119 metod\u0105 Warnkego<\/li>\n<\/ul>\n<p>&nbsp;<\/p>\n<p style=\"text-align: left;\">Wa\u017cniejsze szkolenia:<\/p>\n<ul>\n<li style=\"text-align: left;\">BIOMED Centrum Rehabilitacji Poznawczej i Neuroterapii<br \/>\nTerapeuta Metod\u0105 Warnkego<\/li>\n<li style=\"text-align: left;\">BIOMED Centrum Rehabilitacji Poznawczej i Neuroterapii<br \/>\nTrener EEG \u2013 BIOFEEDBACK I stopnia<\/li>\n<li style=\"text-align: left;\">aCentrum O\u015brodek Edukacyjno \u2013 Rehabilitacyjny<br \/>\nWczesna Interwencja. Elementy diagnozy i terapii dziecka w wieku<br \/>\n0 \u2013 12 miesi\u0119cy z zaburzonym rozwojem psychoruchowym.<\/li>\n<li style=\"text-align: left;\">\u0104\u0118. I Niepubliczna Specjalistyczna Poradnia Psychologiczno \u2013 Pedagogiczna<br \/>\nDiagnoza i terapia dzieci z op\u00f3\u017anionym rozwojem mowy<\/li>\n<li style=\"text-align: left;\">MAKATON Program Rozwoju Komunikacji<br \/>\nTerapeuta komunikacji Niewerbalnej Makaton<\/li>\n<li style=\"text-align: left;\">aCentrum Edukacyjno \u2013 Rehabilitacyjne Centrum Wspierania Rozwoju<br \/>\nTerapia R\u0119ki II stopie\u0144<\/li>\n<li style=\"text-align: left;\">aCentrum Edukacyjno \u2013 Rehabilitacyjne Centrum Wspierania Rozwoju<br \/>\nTerapia R\u0119ki I stopie\u0144<\/li>\n<li style=\"text-align: left;\">aCentrum Edukacyjno \u2013 Rehabilitacyjne Centrum Wspierania Rozwoju<br \/>\nStymulacja Systemu Taktylnego i jego wp\u0142yw na rozw\u00f3j psychoruchowy dziecka<\/li>\n<li style=\"text-align: left;\">Centrum Metodyczne Pomocy Psychologiczno-pedagogicznej<br \/>\nDiagnoza i terapia pedagogiczna dziecka dyslektycznego<\/li>\n<li style=\"text-align: left;\">Polskie Towarzystwo Integracji Sensorycznej<br \/>\nSzkolenie II st. w zakresie teorii i terapii sensorycznej<\/li>\n<li style=\"text-align: left;\">ABCbaby.pl<br \/>\nBajka terapeutyczna na zaj\u0119ciach grupowych \u2013 formy i metody pracy\u201d<\/li>\n<li style=\"text-align: left;\">Centrum Metodyczne Pomocy Psychologiczno-pedagogicznej<br \/>\nDiagnoza i rehabilitacja ortoptyczna dysleksji<\/li>\n<li style=\"text-align: left;\">Polskie Towarzystwo Integracji Sensorycznej<br \/>\nSzkolenie I st. w zakresie teorii i terapii Integracji Sensorycznej<\/li>\n<li style=\"text-align: left;\">Mi\u0119dzynarodowy Instytut dr \u015awietlany Masgutowej<br \/>\nIntegracja odruch\u00f3w dynamicznych i posturalnych z ca\u0142o\u015bciowym systemem ruchu cia\u0142a I, II, III\u00a0 st.<\/li>\n<li style=\"text-align: left;\">ABCbaby.pl<br \/>\nBajkoterpia jako nowoczesna metoda pomocy dziecku w okresie przedszkolnym i wczesnoszkolnym<\/li>\n<li style=\"text-align: left;\">Centrum Aktywnej Pomocy \u201eRATLOMED\u201d<br \/>\nPierwsza pomoc przedmedyczna z elementami pediatrii<\/li>\n<li style=\"text-align: left;\">Polskie Stowarzyszenie Kinezjolog\u00f3w<br \/>\nKinezjologia Edukacyjna I i II st.<\/li>\n<li style=\"text-align: left;\">Polskie Towarzystwo Zapobiegania Narkomanii<br \/>\nZd\u0105\u017cy\u0107 przed profilaktyk\u0105<\/li>\n<li style=\"text-align: left;\">Ognisko Pracy Pozaszkolnej 175<br \/>\nZesp\u00f3\u0142 nadpobudliwo\u015bci psychoruchowej z zaburzeniami koncentracji uwagi \u2013 ADHD<\/li>\n<li style=\"text-align: left;\">Warszawskie Centrum Studenckiego Ruchu Naukowego<br \/>\n\u201eTrening Dynamicznego Czytania\u201d<\/li>\n<\/ul>\n<p>&nbsp;[\/vc_column_text][\/vc_column][vc_column width=&#8221;1\/3&#8243;][vc_single_image image=&#8221;449&#8243; img_size=&#8221;full&#8221; alignment=&#8221;right&#8221; style=&#8221;vc_box_shadow_circle_2&#8243; css_animation=&#8221;fadeInUp&#8221;][\/vc_column][\/vc_row]<\/p>\n","protected":false},"excerpt":{"rendered":"<p>[vc_row][vc_column width=&#8221;2\/3&#8243;][vc_column_text] Witaj w naszym gabinecie! Nazywam si\u0119 Marta Wacko i od 2009 r. prowadz\u0119 Gabinet Terapii Dzieci\u0119cej PAJA. W swojej pracy u\u017cywam r\u00f3\u017cnych metod terapeutycznych, zwi\u0105zanych z moim do\u015bwiadczeniem i specjalizacj\u0105 jako: pedagog specjalny terapeuta pedagogiczny terapeuta resocjalizacyjny terapeuta Integracji Sensorycznej (SI) trener i terapeuta EEG Biofeedback terapeuta metod\u0105 Warnkego terapeuta integracji odruch\u00f3w \/wg&hellip; <br \/> <a class=\"button small blue\" href=\"https:\/\/gabinetpaja.pl\/?page_id=171\">Read more<\/a><\/p>\n","protected":false},"author":2,"featured_media":0,"parent":0,"menu_order":0,"comment_status":"closed","ping_status":"closed","template":"","meta":{"footnotes":""},"class_list":["post-171","page","type-page","status-publish","hentry"],"_links":{"self":[{"href":"https:\/\/gabinetpaja.pl\/index.php?rest_route=\/wp\/v2\/pages\/171"}],"collection":[{"href":"https:\/\/gabinetpaja.pl\/index.php?rest_route=\/wp\/v2\/pages"}],"about":[{"href":"https:\/\/gabinetpaja.pl\/index.php?rest_route=\/wp\/v2\/types\/page"}],"author":[{"embeddable":true,"href":"https:\/\/gabinetpaja.pl\/index.php?rest_route=\/wp\/v2\/users\/2"}],"replies":[{"embeddable":true,"href":"https:\/\/gabinetpaja.pl\/index.php?rest_route=%2Fwp%2Fv2%2Fcomments&post=171"}],"version-history":[{"count":8,"href":"https:\/\/gabinetpaja.pl\/index.php?rest_route=\/wp\/v2\/pages\/171\/revisions"}],"predecessor-version":[{"id":516,"href":"https:\/\/gabinetpaja.pl\/index.php?rest_route=\/wp\/v2\/pages\/171\/revisions\/516"}],"wp:attachment":[{"href":"https:\/\/gabinetpaja.pl\/index.php?rest_route=%2Fwp%2Fv2%2Fmedia&parent=171"}],"curies":[{"name":"wp","href":"https:\/\/api.w.org\/{rel}","templated":true}]}}

Zespół

<p>[vc_row][vc_column width=&#8221;2/3&#8243;][vc_column_text]</p>
<h6 style="text-align: left;"><strong>Witaj w naszym gabinecie!</strong></h6>
<p style="text-align: left;">Nazywam się Marta Wacko i od 2009 r. prowadzę Gabinet Terapii Dziecięcej PAJA. <span style="display: inline !important; float: none; background-color: transparent; color: #666666; cursor: text; font-family: 'Source Sans Pro',sans-serif; font-size: 18px; font-style: normal; font-variant: normal; font-weight: 300; letter-spacing: normal; orphans: 2; text-align: center; text-decoration: none; text-indent: 0px; text-transform: none; -webkit-text-stroke-width: 0px; white-space: normal; word-spacing: 0px; zoom: 1;">W swojej pracy używam różnych metod terapeutycznych, związanych z moim doświadczeniem i specjalizacją jako:</span></p>
<ul>
<li style="text-align: left;">pedagog specjalny</li>
<li style="text-align: left;">terapeuta pedagogiczny</li>
<li style="text-align: left;"><span style="display: inline !important; float: none; background-color: transparent; color: #666666; cursor: text; font-family: 'Source Sans Pro',sans-serif; font-size: 18px; font-style: normal; font-variant: normal; font-weight: 300; letter-spacing: normal; orphans: 2; text-align: center; text-decoration: none; text-indent: 0px; text-transform: none; -webkit-text-stroke-width: 0px; white-space: normal; word-spacing: 0px; zoom: 1;">terapeuta</span> resocjalizacyjny</li>
<li style="text-align: left;">terapeuta Integracji Sensorycznej (SI)</li>
<li style="text-align: left;">trener i terapeuta EEG Biofeedback</li>
<li style="text-align: left;">terapeuta metodą Warnkego</li>
<li style="text-align: left;">terapeuta integracji odruchów /wg dr S. Masgutowej</li>
<li style="text-align: left;">specjalista wczesnej interwencji i stymulacji rozwoju dziecka</li>
</ul>
<p>&nbsp;</p>
<p style="text-align: left;">Moje doświadczenie:</p>
<ul>
<li style="text-align: left;">od 2018 r. współpracuję z Integracyjnym  Przedszkolem i Szkołą Montessori Tumirai</li>
<li style="text-align: left;">od 2017 r. współpracuję z Przedszkolem Terapeutycznym „Mój Świat” oraz z Punktem Przedszkolnym „Klub Radosnego Przedszkolaka”</li>
<li style="text-align: left;">od 2003 r. pracuję z dziećmi z zaburzeniami i trudnościami w rozwoju (Ośrodek Wczesnej Interwencji, Poradnia Psychologiczno &#8211; Pedagogiczna).</li>
<li style="text-align: left;">od 2008 r. prowadzę diagnozę i terapię SI (integracji sensorycznej).</li>
<li style="text-align: left;">od 2013 r. prowadzę terapię EEG Biofeedback</li>
<li style="text-align: left;">od 2016 r. prowadzę terapię metodą Warnkego</li>
</ul>
<p>&nbsp;</p>
<p style="text-align: left;">Ważniejsze szkolenia:</p>
<ul>
<li style="text-align: left;">BIOMED Centrum Rehabilitacji Poznawczej i Neuroterapii<br />
Terapeuta Metodą Warnkego</li>
<li style="text-align: left;">BIOMED Centrum Rehabilitacji Poznawczej i Neuroterapii<br />
Trener EEG – BIOFEEDBACK I stopnia</li>
<li style="text-align: left;">aCentrum Ośrodek Edukacyjno – Rehabilitacyjny<br />
Wczesna Interwencja. Elementy diagnozy i terapii dziecka w wieku<br />
0 – 12 miesięcy z zaburzonym rozwojem psychoruchowym.</li>
<li style="text-align: left;">ĄĘ. I Niepubliczna Specjalistyczna Poradnia Psychologiczno – Pedagogiczna<br />
Diagnoza i terapia dzieci z opóźnionym rozwojem mowy</li>
<li style="text-align: left;">MAKATON Program Rozwoju Komunikacji<br />
Terapeuta komunikacji Niewerbalnej Makaton</li>
<li style="text-align: left;">aCentrum Edukacyjno – Rehabilitacyjne Centrum Wspierania Rozwoju<br />
Terapia Ręki II stopień</li>
<li style="text-align: left;">aCentrum Edukacyjno – Rehabilitacyjne Centrum Wspierania Rozwoju<br />
Terapia Ręki I stopień</li>
<li style="text-align: left;">aCentrum Edukacyjno – Rehabilitacyjne Centrum Wspierania Rozwoju<br />
Stymulacja Systemu Taktylnego i jego wpływ na rozwój psychoruchowy dziecka</li>
<li style="text-align: left;">Centrum Metodyczne Pomocy Psychologiczno-pedagogicznej<br />
Diagnoza i terapia pedagogiczna dziecka dyslektycznego</li>
<li style="text-align: left;">Polskie Towarzystwo Integracji Sensorycznej<br />
Szkolenie II st. w zakresie teorii i terapii sensorycznej</li>
<li style="text-align: left;">ABCbaby.pl<br />
Bajka terapeutyczna na zajęciach grupowych – formy i metody pracy”</li>
<li style="text-align: left;">Centrum Metodyczne Pomocy Psychologiczno-pedagogicznej<br />
Diagnoza i rehabilitacja ortoptyczna dysleksji</li>
<li style="text-align: left;">Polskie Towarzystwo Integracji Sensorycznej<br />
Szkolenie I st. w zakresie teorii i terapii Integracji Sensorycznej</li>
<li style="text-align: left;">Międzynarodowy Instytut dr Świetlany Masgutowej<br />
Integracja odruchów dynamicznych i posturalnych z całościowym systemem ruchu ciała I, II, III  st.</li>
<li style="text-align: left;">ABCbaby.pl<br />
Bajkoterpia jako nowoczesna metoda pomocy dziecku w okresie przedszkolnym i wczesnoszkolnym</li>
<li style="text-align: left;">Centrum Aktywnej Pomocy „RATLOMED”<br />
Pierwsza pomoc przedmedyczna z elementami pediatrii</li>
<li style="text-align: left;">Polskie Stowarzyszenie Kinezjologów<br />
Kinezjologia Edukacyjna I i II st.</li>
<li style="text-align: left;">Polskie Towarzystwo Zapobiegania Narkomanii<br />
Zdążyć przed profilaktyką</li>
<li style="text-align: left;">Ognisko Pracy Pozaszkolnej 175<br />
Zespół nadpobudliwości psychoruchowej z zaburzeniami koncentracji uwagi – ADHD</li>
<li style="text-align: left;">Warszawskie Centrum Studenckiego Ruchu Naukowego<br />
„Trening Dynamicznego Czytania”</li>
</ul>
<p>&nbsp;[/vc_column_text][/vc_column][vc_column width=&#8221;1/3&#8243;][vc_single_image image=&#8221;449&#8243; img_size=&#8221;full&#8221; alignment=&#8221;right&#8221; style=&#8221;vc_box_shadow_circle_2&#8243; css_animation=&#8221;fadeInUp&#8221;][/vc_column][/vc_row]</p>

<p>[vc_row][vc_column width=&#8221;2/3&#8243;][vc_column_text] Witaj w naszym gabinecie! Nazywam się Marta Wacko i od 2009 r. prowadzę Gabinet Terapii Dziecięcej PAJA. W swojej pracy używam różnych metod terapeutycznych, związanych z moim doświadczeniem i specjalizacją jako: pedagog specjalny terapeuta pedagogiczny terapeuta resocjalizacyjny terapeuta Integracji Sensorycznej (SI) trener i terapeuta EEG Biofeedback terapeuta metodą Warnkego terapeuta integracji odruchów /wg&hellip; <br /> <a class="button small blue" href="https://gabinetpaja.pl/?page_id=171">Read more</a></p>
